 17*w**2 + 30*w + 4. Give g(3).
-5
Let i(l) = 7*l**2 - 273*l - 7. Give i(39).
-7
Let y(k) = 6*k**3 + 32*k**2 + 8*k - 6. Give y(-5).
4
Let i(y) = 11*y + 46. What is i(-4)?
2
Let k(v) = v**2 - 18*v + 51. Determine k(15).
6
Let p(m) = m**3 - 6*m**2 + m. What is p(6)?
6
Let u(p) = -3*p - 12. Give u(-5).
3
Let h(u) = 4*u**2 + 10*u + 6. Give h(-5).
56
Let h(q) = -q**3 + 5*q**2 + 33*q + 8. Determine h(9).
-19
Let r(b) = -5*b - 51. Determine r(-9).
-6
Let k(c) = 2*c**3 - 9*c**2 - 6*c + 3. What is k(5)?
-2
Let l(d) = d**2 + 8*d - 11. Calculate l(2).
9
Let q(w) = w**3 + 11*w**2 - 13*w + 4. Give q(-12).
16
Let m(h) = -2*h**3 - 8*h**2 + 2*h + 14. Give m(-3).
-10
Let m(t) = 34*t + 206. What is m(-6)?
2
Let l(q) = q**2 + 3*q + 2. What is l(3)?
20
Let g(m) = m - 9. Determine g(8).
-1
Let r(s) = s**3 + 13*s**2 + 2*s + 5. Calculate r(-13).
-21
Let k(y) = -y**3 - 49*y**2 - 4*y - 201. Give k(-49).
-5
Let z(j) = j**2 + 3*j - 43. Determine z(-7).
-15
Let m(v) = v - 1. Give m(-3).
-4
Let z(q) = q**2 - 3*q - 27. Give z(8).
13
Let b(s) = s**2 + 3*s + 2. What is b(-1)?
0
Let s(o) = -o - 14. Give s(-13).
-1
Let x(v) = -v**2 + 20*v - 22. Give x(17).
29
Let v(f) = f**2 - 12*f - 15. What is v(15)?
30
Let b(l) = 3*l + 11. Determine b(-11).
-22
Let p(w) = w**3 - 23*w**2 + 3*w - 53. Determine p(23).
16
Let p(c) = c**2 + 8*c + 14. Determine p(-3).
-1
Let v(i) = -i**3 - 9*i**2 - 8*i + 7. Determine v(-8).
7
Let q(v) = -v**3 - v - 1. Give q(0).
-1
Let b(k) = -2*k**3 + 8*k - 8. Determine b(2).
-8
Let z(k) = -44*k**3 - k**2 + 2*k + 4. Give z(-1).
45
Let f(w) = w - 8. Determine f(0).
-8
Let m(d) = -18*d + 2. Determine m(1).
-16
Let m(f) = -7*f + 7. Calculate m(-4).
35
Let z(g) = -8*g + 44. Give z(11).
-44
Let k(h) = -9*h**2 - 5*h - 3. Determine k(-1).
-7
Let o(u) = -u**2 - 20*u - 31. Give o(-18).
5
Let t(n) = -n**2 - 4*n + 8. What is t(3)?
-13
Let u(i) = -i**3 + 11*i**2 + i - 15. What is u(11)?
-4
Let c(k) = k**3 - 11*k**2 - 12*k + 14. Give c(12).
14
Let b(l) = 2*l**3 - 7*l**2 - 4. Calculate b(4).
12
Let v(f) = -f**3 - 6*f**2 + 4*f - 6. Calculate v(-6).
-30
Let b(h) = -h**2 - 2*h + 17. Give b(-6).
-7
Let g(c) = c**2 - 3*c - 5. What is g(-4)?
23
Let j(d) = -2*d + 57. Determine j(20).
17
Let m(y) = -2*y**3 - 21*y**2 + 12*y + 1. What is m(-11)?
-10
Let c(b) = 9*b + 76. Give c(-10).
-14
Let m(f) = 50*f**3 + f**2 - 4*f + 2. Give m(1).
49
Let i(j) = j**3 - 6*j**2 - 5*j + 2. Give i(7).
16
Let s(r) = 3*r**3 - 2*r + 2. Give s(1).
3
Let i(g) = g**2 - 8*g + 4. Calculate i(8).
4
Let u(z) = z**2 + 14*z + 9. What is u(-14)?
9
Let f(d) = d**3 - 3*d**2 - 12*d + 5. Determine f(5).
-5
Let k(x) = 17*x + 2. What is k(1)?
19
Let w(s) = -6*s. Calculate w(-2).
12
Let j(m) = -m**3 + m**2 + 6*m + 17. Determine j(4).
-7
Let n(z) = -z**2 + 2*z + 5. Determine n(5).
-10
Let r(a) = a + 26. Determine r(-8).
18
Let r(u) = 3*u**3 + 61*u**2 + 18*u - 54. Give r(-20).
-14
Let s(h) = 10*h. Calculate s(2).
20
Let u(m) = -2*m + 1. What is u(0)?
1
Let f(v) = v - 7. Give f(10).
3
Let z(t) = -20*t**2 + 1. Calculate z(-1).
-19
Let x(y) = -y**3 + 7*y**2 - 9*y + 2. Determine x(6).
-16
Let z(w) = 4*w + 7. Determine z(5).
27
Let i(p) = -p**3 + 30*p**2 - 4*p - 11. Determine i(30).
-131
Let h(l) = l**2 - 5*l + 5. Determine h(5).
5
Let m(j) = -j**3 + 16*j**2 + 36*j - 12. Give m(18).
-12
Let f(s) = -s**3 - 6*s**2 - 3*s - 7. Give f(-5).
-17
Let s(y) = -9*y + 14. Determine s(-4).
50
Let q(b) = b**3 - 5*b**2 - 18*b + 5. Calculate q(7).
-23
Let y(x) = -5*x**3 + 4*x**2 - 2*x + 10. Give y(3).
-95
Let d(w) = 47*w**3 + w. Give d(-1).
-48
Let f(w) = -w - 1. What is f(3)?
-4
Let j(k) = k + 18. Calculate j(-17).
1
Let q(c) = -c**2 + 2*c + 8. What is q(7)?
-27
Let i(z) = 2*z**2 - 10*z - 29. Give i(12).
139
Let a(o) = o**2 - 15*o + 24. Give a(11).
-20
Let t(z) = 2*z**3 - z**2 - 3*z + 27. Calculate t(0).
27
Let a(g) = 5*g**2 + 19*g - 9. What is a(-5)?
21
Let m(v) = -5*v**3 - 2*v**2 + v + 2. Give m(-1).
4
Let y(x) = 2*x + 24. What is y(-12)?
0
Let d(c) = -c**3 + 18*c**2 + 20*c - 2. What is d(19)?
17
Let p(j) = 31*j + 130. What is p(-5)?
-25
Let b(y) = y + 7. Give b(-4).
3
Let x(u) = -3*u + 10. Give x(5).
-5
Let i(f) = -13*f - 32. What is i(-3)?
7
Let k(x) = -x**2 + 7*x - 8. What is k(1)?
-2
Let o(m) = -m + 2. What is o(-1)?
3
Let k(w) = -4*w + 25. Give k(10).
-15
Let b(y) = -11*y**2 - 47*y + 1. Determine b(-5).
-39
Let x(h) = 17*h - 88. Calculate x(7).
31
Let a(b) = -2*b**3 - 9*b**2 - 15*b - 24. Calculate a(-3).
-6
Let a(v) = -v**3 - 14*v**2 + 12*v - 56. Determine a(-15).
-11
Let y(v) = -15*v**2 + 3*v + 2. Give y(-2).
-64
Let i(f) = -f**3 - 12*f**2 - f + 111. Calculate i(-11).
1
Let h(p) = 2*p**2 + 33*p + 29. What is h(-15)?
-16
Let n(w) = -2*w**2 - 10*w + 6. Determine n(-6).
-6
Let j(t) = t - 48. Determine j(16).
-32
Let r(q) = 11*q - 26. Give r(2).
-4
Let g(s) = -s**3 - 5*s**2 + 4*s - 10. What is g(-6)?
2
Let x(f) = -10*f**3 + 71*f**2 - 6*f - 8. Calculate x(7).
-1
Let x(l) = 9*l**2 - 2*l + 1. Determine x(1).
8
Let s(i) = -7*i**2 - i + 1. Give s(1).
-7
Let j(k) = 5*k + 4. Calculate j(-2).
-6
Let g(a) = a**3 - 13*a**2 + 34*a + 9. What is g(9)?
-9
Let k(i) = -i**2 - 14*i - 28. Calculate k(-13).
-15
Let z(r) = -4*r + 10. Calculate z(6).
-14
Let l(w) = -14*w - 283. What is l(-23)?
39
Let u(m) = -3*m**2 + 5*m + 8. Determine u(4).
-20
Let x(o) = 3*o**2 - 19*o + 10. What is x(6)?
4
Let g(d) = d**3 + 70*d**2 + 67*d - 132. What is g(-69)?
6
Let n(m) = -m**2 - 17*m - 59. Give n(-13).
-7
Let u(j) = -j**2 - 8. Calculate u(4).
-24
Let d(m) = m**3 + 6*m**2 - 13*m - 37. Give d(-7).
5
Let k(a) = a**2 - 6*a - 10. Give k(8).
6
Let i(n) = -4*n + 95. Determine i(22).
7
Let x(k) = -k**3 + 7*k**2 - 5*k. Calculate x(6).
6
Let i(o) = 3*o - 5. What is i(-3)?
-14
Let p(t) = -2*t**2 + 11*t + 16. Calculate p(6).
10
Let a(d) = d**3 + 8*d**2 + d + 1. What is a(-8)?
-7
Let p(c) = -4*c**2 - 10*c - 2. What is p(-1)?
4
Let b(p) = p - 68. Determine b(0).
-68
Let i(k) = -k**3 - k**2 + 16*k + 38. Calculate i(0).
38
Let h(k) = -12*k - 10. Calculate h(8).
-106
Let u(f) = 6*f - 8. What is u(6)?
28
Let q(k) = -17*k + 14. Determine q(4).
-54
Let f(r) = -r**2 - 11*r - 6. Determine f(-11).
-6
Let v(r) = -r**2 + 8*r + 20. Calculate v(10).
0
Let l(k) = -k**3 + 7*k**2 - 8*k + 7. What is l(6)?
-5
Let u(v) = 11*v - 71. Give u(6).
-5
Let n(p) = 6*p**2 + p - 1. Calculate n(1).
6
Let y(k) = -k**2 - 13*k + 22. Give y(-15).
-8
Let x(f) = 2*f + 2. Give x(-5).
-8
Let x(f) = f**3 + 13*f**2 + 10*f - 9. Give x(-12).
15
Let b(q) = 2*q**2 - 14*q + 9. What is b(9)?
45
Let p(l) = -l - 13. Give p(-11).
-2
Let z(r) = -r**2 + 32*r - 254. Calculate z(11).
-23
Let t(m) = 4*m - 11. What is t(-3)?
-23
Let m(a) = -a**2 + 2*a + 1. What is m(4)?
-7
Let m(l) = 28*l - 21. Give m(0).
-21
Let y(a) = 2*a**2 - 10*a + 7. Determine y(3).
-5
Let x(w) = -w**3 - 9*w**2 - w - 8. What is x(-9)?
1
Let l(p) = 2*p - 14. Calculate l(6).
-2
Let k(a) = -2*a**2 - 5*a + 11. Determine k(-8).
-77
Let d(c) = -c**2 + 6*c + 6. Determine d(-5).
-49
Let u(p) = p**3 + 3*p**2 - 55*p - 6. What is u(-9)?
3
Let f(w) = -9*w**2 - 3*w - 1. Give f(-1).
-7
Let l(p) = 2*p**2 - 22*p - 12. Give l(11).
-12
Let r(l) = -55*l + 206. Calculate r(4).
-14
Let s(y) = -2*y**3 + 17*y**2 + 16*y - 4. Give s(9).
59
Let t(h) = h**2 + 12*h - 41. What is t(-15)?
4
Let v(q) = -q**3 - 3*q**2 - 3*q - 3. What is v(-2)?
-1
Let a(p) = -2*p**2 + 21*p - 3. Calculate a(10).
7
Let h(v) = -v**3 - 7*v**2 + 7*v + 11. What is h(-8)?
19
Let h(m) = 5*m - 13. What is h(9)?
32
Let s(l) = 3*l - 13. Calculate s(10).
17
Let m(a) = a**2 + 26*a - 63. What is m(-29)?
24
Let b(o) = -o**3 + 12*o**2 + 10*o + 19. What is b(13)?
-20
Let a(u) = -u**2 + 4*u + 1. Give a(-3).
-20
Let h(v) = -14*v - 5. What is h(3)?
-47
Let v(l) = 6*l**2 + 5*l + 3. Give v(-3).
42
Let g(z) = 9*z**2 - 66*z - 3. Calculate g(8).
45
Let d(r) = -13*r - 145. Give d(-10).
-15
Let s(g) = 2*g + 1. What is s(11)?
23
Let h(j) = 2*j**3 - 8*j**2 + 4*j + 5. Calculate h(4).
21
Let t(b) = 10*b**2 - 3*b - 7. Determine t(-3).
92
Let z(y) = y**3 - 4*y**2. What is z(3)?
-9
Let i(p) = -p**3 - 16*p**2 + 5*p - 31. Calculate i(-16).
-111
Let i(s) = -s**2 + 23*s - 120. Determine i(17).
-18
Let b(h) = -2*h**3 + 9*h**2 - 4*h + 1. Calculate b(4).
1
Let d(c) = -c**2 + 4*c + 8. Calculate d(6).
-4
Let m(a) = a**3 - 9*a**2 - 15*a - 5. Determine m(11)